{"id":32,"date":"2024-10-23T13:12:12","date_gmt":"2024-10-23T11:12:12","guid":{"rendered":"https:\/\/kigabenjamin.de\/?page_id=32"},"modified":"2025-04-01T15:24:10","modified_gmt":"2025-04-01T13:24:10","slug":"leitbild-was-uns-wichtig-ist","status":"publish","type":"page","link":"https:\/\/kigabenjamin.de\/index.php\/leitbild-was-uns-wichtig-ist\/","title":{"rendered":"Leitbild &#8211; Was uns wichtig ist"},"content":{"rendered":"\n<p>Unsere Arbeit richtet sich nach den Grundlagen des Orientierungsplans von Baden-W\u00fcrttemberg. Die Ziele setzen wir in einer <strong>Kleingruppe mit famili\u00e4rer Atmosph\u00e4re<\/strong> um, in der sich die Kinder als Teil&nbsp;einer Gemeinschaft wohlf\u00fchlen und sich zu selbstst\u00e4ndigen, eigenverantwortlichen Pers\u00f6nlichkeiten entwickeln k\u00f6nnen.<\/p>\n\n\n\n<p>Daraus ergeben sich unsere <strong>Schwerpunkte<\/strong>:<\/p>\n\n\n\n<ul class=\"wp-block-list\">\n<li>Werte durch einen achtsamen Umgang miteinander weitergeben<\/li>\n\n\n\n<li>Vielf\u00e4ltige M\u00f6glichkeiten zum Erforschen und Erleben in Natur und Umwelt<\/li>\n\n\n\n<li>F\u00f6rderung reduzierter Aktions- und Empfindungsbereiche der Kinder<\/li>\n\n\n\n<li>Sensibilisierung der Sinne<\/li>\n\n\n\n<li>Rahmen f\u00fcr viele Bewegungserfahrungen<\/li>\n\n\n\n<li>St\u00e4rkung im sprachlichen Bereich<\/li>\n\n\n\n<li>Raum zur Kreativit\u00e4t<\/li>\n\n\n\n<li>Freude an rhythmisch-musikalischer Bildung<\/li>\n\n\n\n<li>Integration von Kindern mit verst\u00e4rktem F\u00f6rderbedarf<\/li>\n<\/ul>\n\n\n\n<p>Unser Kindergarten soll ein <strong>Ort f\u00fcr die ganze Familie<\/strong> sein:&nbsp;<\/p>\n\n\n\n<ul class=\"wp-block-list\">\n<li>Erziehungspartnerschaft mit den Eltern liegt uns am Herzen<\/li>\n\n\n\n<li>Eltern sind die Experten f\u00fcr ihre Kinder, wir st\u00e4rken und unterst\u00fctzen sie dabei<\/li>\n\n\n\n<li>Die Entwicklung der Kinder wird dokumentiert und ist Grundlage f\u00fcr Elterngespr\u00e4che<\/li>\n\n\n\n<li>Eltern k\u00f6nnen sich nach Wunsch mit ihren Begabungen in den Kindergartenalltag einbringen<\/li>\n<\/ul>\n","protected":false},"excerpt":{"rendered":"<p>Unsere Arbeit richtet sich nach den Grundlagen des Orientierungsplans von Baden-W\u00fcrttemberg. Die Ziele setzen wir in einer Kleingruppe mit famili\u00e4rer Atmosph\u00e4re um, in der sich die Kinder als Teil&nbsp;einer Gemeinschaft wohlf\u00fchlen und sich zu selbstst\u00e4ndigen, eigenverantwortlichen Pers\u00f6nlichkeiten entwickeln k\u00f6nnen. Daraus<\/p>\n","protected":false},"author":1,"featured_media":0,"parent":0,"menu_order":0,"comment_status":"closed","ping_status":"closed","template":"","meta":{"footnotes":""},"class_list":["post-32","page","type-page","status-publish","hentry"],"_links":{"self":[{"href":"https:\/\/kigabenjamin.de\/index.php\/wp-json\/wp\/v2\/pages\/32","targetHints":{"allow":["GET"]}}],"collection":[{"href":"https:\/\/kigabenjamin.de\/index.php\/wp-json\/wp\/v2\/pages"}],"about":[{"href":"https:\/\/kigabenjamin.de\/index.php\/wp-json\/wp\/v2\/types\/page"}],"author":[{"embeddable":true,"href":"https:\/\/kigabenjamin.de\/index.php\/wp-json\/wp\/v2\/users\/1"}],"replies":[{"embeddable":true,"href":"https:\/\/kigabenjamin.de\/index.php\/wp-json\/wp\/v2\/comments?post=32"}],"version-history":[{"count":2,"href":"https:\/\/kigabenjamin.de\/index.php\/wp-json\/wp\/v2\/pages\/32\/revisions"}],"predecessor-version":[{"id":71,"href":"https:\/\/kigabenjamin.de\/index.php\/wp-json\/wp\/v2\/pages\/32\/revisions\/71"}],"wp:attachment":[{"href":"https:\/\/kigabenjamin.de\/index.php\/wp-json\/wp\/v2\/media?parent=32"}],"curies":[{"name":"wp","href":"https:\/\/api.w.org\/{rel}","templated":true}]}}

<p>Unsere Arbeit richtet sich nach den Grundlagen des Orientierungsplans von Baden-Württemberg. Die Ziele setzen wir in einer <strong>Kleingruppe mit familiärer Atmosphäre</strong> um, in der sich die Kinder als Teil&nbsp;einer Gemeinschaft wohlfühlen und sich zu selbstständigen, eigenverantwortlichen Persönlichkeiten entwickeln können.</p>



<p>Daraus ergeben sich unsere <strong>Schwerpunkte</strong>:</p>



<ul class="wp-block-list">
<li>Werte durch einen achtsamen Umgang miteinander weitergeben</li>



<li>Vielfältige Möglichkeiten zum Erforschen und Erleben in Natur und Umwelt</li>



<li>Förderung reduzierter Aktions- und Empfindungsbereiche der Kinder</li>



<li>Sensibilisierung der Sinne</li>



<li>Rahmen für viele Bewegungserfahrungen</li>



<li>Stärkung im sprachlichen Bereich</li>



<li>Raum zur Kreativität</li>



<li>Freude an rhythmisch-musikalischer Bildung</li>



<li>Integration von Kindern mit verstärktem Förderbedarf</li>
</ul>



<p>Unser Kindergarten soll ein <strong>Ort für die ganze Familie</strong> sein:&nbsp;</p>



<ul class="wp-block-list">
<li>Erziehungspartnerschaft mit den Eltern liegt uns am Herzen</li>



<li>Eltern sind die Experten für ihre Kinder, wir stärken und unterstützen sie dabei</li>



<li>Die Entwicklung der Kinder wird dokumentiert und ist Grundlage für Elterngespräche</li>



<li>Eltern können sich nach Wunsch mit ihren Begabungen in den Kindergartenalltag einbringen</li>
</ul>

<p>Unsere Arbeit richtet sich nach den Grundlagen des Orientierungsplans von Baden-Württemberg. Die Ziele setzen wir in einer Kleingruppe mit familiärer Atmosphäre um, in der sich die Kinder als Teil&nbsp;einer Gemeinschaft wohlfühlen und sich zu selbstständigen, eigenverantwortlichen Persönlichkeiten entwickeln können. Daraus</p>
