{"id":2,"date":"2024-10-19T17:17:04","date_gmt":"2024-10-19T15:17:04","guid":{"rendered":"http:\/\/kigabenjamin.de\/?page_id=2"},"modified":"2024-10-19T17:49:25","modified_gmt":"2024-10-19T15:49:25","slug":"beispiel-seite","status":"publish","type":"page","link":"https:\/\/kigabenjamin.de\/","title":{"rendered":"Startseite"},"content":{"rendered":"\n<blockquote class=\"wp-block-quote is-layout-flow wp-block-quote-is-layout-flow\"><\/blockquote>\n\n\n\n<blockquote class=\"wp-block-quote is-layout-flow wp-block-quote-is-layout-flow\"><\/blockquote>\n\n\n\n<p class=\"has-text-align-center\"><strong>Herzlich Willkommen!<\/strong><\/p>\n\n\n\n<p class=\"has-text-align-center\">Sch\u00f6n, dass Sie unsere Homepage besuchen!<\/p>\n\n\n\n<p class=\"has-text-align-center\">Wir w\u00fcnschen Ihnen viel Spa\u00df beim Durchst\u00f6bern und Informieren \ud83d\ude09<\/p>\n\n\n\n<p>Unser <strong>Kindergarten Benjamin<\/strong> wird von der Evangelisch Freikirchlichen Gemeinde Isny, K.d.\u00f6.R., getragen. Auf der Basis des christlichen Menschenbildes steht das Kind im Mittelpunkt unserer p\u00e4dagogischen Arbeit. Wir verstehen unseren Kindergarten als Angebot f\u00fcr alle, er ist \u00f6ffentlich.<\/p>\n\n\n\n<p><strong>Kinder sind Geschenke Gottes, wir achten sie in ihrer Einzigartigkeit und stellen sie in den Mittelpunkt unseres Denkens und Handelns.<\/strong><\/p>\n\n\n\n<p><br><em>Jesus sagt: Wer dieses Kind in meinem Namen aufnimmt, nimmt mich auf. Und wer mich aufnimmt, nimmt den auf, der mich gesandt hat. Denn wer der Kleinste unter euch allen ist, der ist gro\u00df. (Lukasevangelium 9, 48).<\/em><\/p>\n\n\n\n<p>Dies bedeutet f\u00fcr die Kinder:<\/p>\n\n\n\n<ul class=\"wp-block-list\">\n<li>Kinder sind Geschenke Gottes, bedingungslos angenommen und wertvoll in ihrer Einzigartigkeit.<\/li>\n\n\n\n<li>Die Kinder entdecken spielerisch Gottes Sch\u00f6pfung und all ihre Zusammenh\u00e4nge, dies geschieht unter anderem durch Rituale und vielf\u00e4ltige Projekte.<\/li>\n\n\n\n<li>Wir wollen dazu beitragen, dass jedes Kind ein Fundament f\u00fcr sein Leben erf\u00e4hrt, indem es wertgesch\u00e4tzt wird, Pers\u00f6nlichkeit entfaltet, Bildung erf\u00e4hrt und dadurch eine Hoffnung auf eine lebenswerte Zukunft bekommt.<\/li>\n<\/ul>\n","protected":false},"excerpt":{"rendered":"<p>Herzlich Willkommen! Sch\u00f6n, dass Sie unsere Homepage besuchen! Wir w\u00fcnschen Ihnen viel Spa\u00df beim Durchst\u00f6bern und Informieren \ud83d\ude09 Unser Kindergarten Benjamin wird von der Evangelisch Freikirchlichen Gemeinde Isny, K.d.\u00f6.R., getragen. Auf der Basis des christlichen Menschenbildes steht das Kind im<\/p>\n","protected":false},"author":1,"featured_media":0,"parent":0,"menu_order":0,"comment_status":"closed","ping_status":"open","template":"","meta":{"footnotes":""},"class_list":["post-2","page","type-page","status-publish","hentry"],"_links":{"self":[{"href":"https:\/\/kigabenjamin.de\/index.php\/wp-json\/wp\/v2\/pages\/2","targetHints":{"allow":["GET"]}}],"collection":[{"href":"https:\/\/kigabenjamin.de\/index.php\/wp-json\/wp\/v2\/pages"}],"about":[{"href":"https:\/\/kigabenjamin.de\/index.php\/wp-json\/wp\/v2\/types\/page"}],"author":[{"embeddable":true,"href":"https:\/\/kigabenjamin.de\/index.php\/wp-json\/wp\/v2\/users\/1"}],"replies":[{"embeddable":true,"href":"https:\/\/kigabenjamin.de\/index.php\/wp-json\/wp\/v2\/comments?post=2"}],"version-history":[{"count":1,"href":"https:\/\/kigabenjamin.de\/index.php\/wp-json\/wp\/v2\/pages\/2\/revisions"}],"predecessor-version":[{"id":22,"href":"https:\/\/kigabenjamin.de\/index.php\/wp-json\/wp\/v2\/pages\/2\/revisions\/22"}],"wp:attachment":[{"href":"https:\/\/kigabenjamin.de\/index.php\/wp-json\/wp\/v2\/media?parent=2"}],"curies":[{"name":"wp","href":"https:\/\/api.w.org\/{rel}","templated":true}]}}

<blockquote class="wp-block-quote is-layout-flow wp-block-quote-is-layout-flow"></blockquote>



<blockquote class="wp-block-quote is-layout-flow wp-block-quote-is-layout-flow"></blockquote>



<p class="has-text-align-center"><strong>Herzlich Willkommen!</strong></p>



<p class="has-text-align-center">Schön, dass Sie unsere Homepage besuchen!</p>



<p class="has-text-align-center">Wir wünschen Ihnen viel Spaß beim Durchstöbern und Informieren 😉</p>



<p>Unser <strong>Kindergarten Benjamin</strong> wird von der Evangelisch Freikirchlichen Gemeinde Isny, K.d.ö.R., getragen. Auf der Basis des christlichen Menschenbildes steht das Kind im Mittelpunkt unserer pädagogischen Arbeit. Wir verstehen unseren Kindergarten als Angebot für alle, er ist öffentlich.</p>



<p><strong>Kinder sind Geschenke Gottes, wir achten sie in ihrer Einzigartigkeit und stellen sie in den Mittelpunkt unseres Denkens und Handelns.</strong></p>



<p><br><em>Jesus sagt: Wer dieses Kind in meinem Namen aufnimmt, nimmt mich auf. Und wer mich aufnimmt, nimmt den auf, der mich gesandt hat. Denn wer der Kleinste unter euch allen ist, der ist groß. (Lukasevangelium 9, 48).</em></p>



<p>Dies bedeutet für die Kinder:</p>



<ul class="wp-block-list">
<li>Kinder sind Geschenke Gottes, bedingungslos angenommen und wertvoll in ihrer Einzigartigkeit.</li>



<li>Die Kinder entdecken spielerisch Gottes Schöpfung und all ihre Zusammenhänge, dies geschieht unter anderem durch Rituale und vielfältige Projekte.</li>



<li>Wir wollen dazu beitragen, dass jedes Kind ein Fundament für sein Leben erfährt, indem es wertgeschätzt wird, Persönlichkeit entfaltet, Bildung erfährt und dadurch eine Hoffnung auf eine lebenswerte Zukunft bekommt.</li>
</ul>

<p>Herzlich Willkommen! Schön, dass Sie unsere Homepage besuchen! Wir wünschen Ihnen viel Spaß beim Durchstöbern und Informieren 😉 Unser Kindergarten Benjamin wird von der Evangelisch Freikirchlichen Gemeinde Isny, K.d.ö.R., getragen. Auf der Basis des christlichen Menschenbildes steht das Kind im</p>
